{"id":24,"date":"2016-02-12T08:13:06","date_gmt":"2016-02-12T08:13:06","guid":{"rendered":"http:\/\/demos.famethemes.com\/onepress\/?page_id=24"},"modified":"2025-01-04T22:38:35","modified_gmt":"2025-01-04T21:38:35","slug":"garderie","status":"publish","type":"page","link":"https:\/\/ecole.saintjosephbelfort.fr\/index.php\/garderie\/","title":{"rendered":"Garderie et \u00c9tudes"},"content":{"rendered":"<p>Pour contacter la garderie :\u00a0<strong>06.52.73.68.07<\/strong><\/p>\n<p>Les lundis, mardis, jeudis et vendredis de :<\/p>\n<ul>\n<li>07h15 \u00e0 08h15<\/li>\n<li>16h35 \u00e0 18h30<\/li>\n<\/ul>\n\n\n<figure class=\"wp-block-image size-large is-resized\"><img loading=\"lazy\" decoding=\"async\" width=\"1024\" height=\"1024\" src=\"https:\/\/ecole.saintjosephbelfort.fr\/wp-content\/uploads\/2023\/03\/photo-1024x1024.jpg\" alt=\"\" class=\"wp-image-1675\" style=\"width:256px;height:256px\" srcset=\"https:\/\/ecole.saintjosephbelfort.fr\/wp-content\/uploads\/2023\/03\/photo-1024x1024.jpg 1024w, https:\/\/ecole.saintjosephbelfort.fr\/wp-content\/uploads\/2023\/03\/photo-300x300.jpg 300w, https:\/\/ecole.saintjosephbelfort.fr\/wp-content\/uploads\/2023\/03\/photo-150x150.jpg 150w, https:\/\/ecole.saintjosephbelfort.fr\/wp-content\/uploads\/2023\/03\/photo-768x768.jpg 768w, https:\/\/ecole.saintjosephbelfort.fr\/wp-content\/uploads\/2023\/03\/photo-1536x1536.jpg 1536w, https:\/\/ecole.saintjosephbelfort.fr\/wp-content\/uploads\/2023\/03\/photo.jpg 1600w\" sizes=\"auto, (max-width: 1024px) 100vw, 1024px\" \/><\/figure>\n\n\n\n<p>Pour les enfants de primaire, il s\u2019agit d\u2019une \u00e9tude surveill\u00e9e.<\/p>\n\n\n\n<p>Les \u00e9l\u00e8ves prennent leur go\u00fbter en salle d&rsquo;\u00e9tude avant de faire leurs devoirs de 16h30 \u00e0 17h45 <\/p>\n\n\n\n<p> 3 salles  CP CE1\/ CE2 CM1\/ CM2<\/p>\n\n\n\n<p>A partir de 17h45 les \u00e9l\u00e8ves de primaires rejoignent les \u00e9l\u00e8ves de maternelles  en salle de spychomotricit\u00e9 <\/p>\n\n\n\n<p>Les enfants de maternelle prennent leur  go\u00fbter et attendent leurs parents autour d\u2019activit\u00e9s ludiques.<\/p>\n\n\n\n<p>Il est possible de venir chercher son enfant \u00e0 tout heure du p\u00e9riscolaire de 16h30 \u00e0 18h30<\/p>\n\n\n\n<p><\/p>\n","protected":false},"excerpt":{"rendered":"<p>Accueil le matin d\u00e8s 07:00 et le soir jusqu&rsquo;\u00e0 18:30.<\/p>\n","protected":false},"author":1,"featured_media":0,"parent":0,"menu_order":0,"comment_status":"closed","ping_status":"closed","template":"template-fullwidth.php","meta":{"footnotes":""},"class_list":["post-24","page","type-page","status-publish","hentry"],"_links":{"self":[{"href":"https:\/\/ecole.saintjosephbelfort.fr\/index.php\/wp-json\/wp\/v2\/pages\/24","targetHints":{"allow":["GET"]}}],"collection":[{"href":"https:\/\/ecole.saintjosephbelfort.fr\/index.php\/wp-json\/wp\/v2\/pages"}],"about":[{"href":"https:\/\/ecole.saintjosephbelfort.fr\/index.php\/wp-json\/wp\/v2\/types\/page"}],"author":[{"embeddable":true,"href":"https:\/\/ecole.saintjosephbelfort.fr\/index.php\/wp-json\/wp\/v2\/users\/1"}],"replies":[{"embeddable":true,"href":"https:\/\/ecole.saintjosephbelfort.fr\/index.php\/wp-json\/wp\/v2\/comments?post=24"}],"version-history":[{"count":6,"href":"https:\/\/ecole.saintjosephbelfort.fr\/index.php\/wp-json\/wp\/v2\/pages\/24\/revisions"}],"predecessor-version":[{"id":1797,"href":"https:\/\/ecole.saintjosephbelfort.fr\/index.php\/wp-json\/wp\/v2\/pages\/24\/revisions\/1797"}],"wp:attachment":[{"href":"https:\/\/ecole.saintjosephbelfort.fr\/index.php\/wp-json\/wp\/v2\/media?parent=24"}],"curies":[{"name":"wp","href":"https:\/\/api.w.org\/{rel}","templated":true}]}}

Garderie et Études

<p>Pour contacter la garderie : <strong>06.52.73.68.07</strong></p>
<p>Les lundis, mardis, jeudis et vendredis de :</p>
<ul>
<li>07h15 à 08h15</li>
<li>16h35 à 18h30</li>
</ul>


<figure class="wp-block-image size-large is-resized"><img loading="lazy" decoding="async" width="1024" height="1024" src="https://ecole.saintjosephbelfort.fr/wp-content/uploads/2023/03/photo-1024x1024.jpg" alt="" class="wp-image-1675" style="width:256px;height:256px" srcset="https://ecole.saintjosephbelfort.fr/wp-content/uploads/2023/03/photo-1024x1024.jpg 1024w, https://ecole.saintjosephbelfort.fr/wp-content/uploads/2023/03/photo-300x300.jpg 300w, https://ecole.saintjosephbelfort.fr/wp-content/uploads/2023/03/photo-150x150.jpg 150w, https://ecole.saintjosephbelfort.fr/wp-content/uploads/2023/03/photo-768x768.jpg 768w, https://ecole.saintjosephbelfort.fr/wp-content/uploads/2023/03/photo-1536x1536.jpg 1536w, https://ecole.saintjosephbelfort.fr/wp-content/uploads/2023/03/photo.jpg 1600w" sizes="auto, (max-width: 1024px) 100vw, 1024px" /></figure>



<p>Pour les enfants de primaire, il s’agit d’une étude surveillée.</p>



<p>Les élèves prennent leur goûter en salle d&rsquo;étude avant de faire leurs devoirs de 16h30 à 17h45 </p>



<p> 3 salles  CP CE1/ CE2 CM1/ CM2</p>



<p>A partir de 17h45 les élèves de primaires rejoignent les élèves de maternelles  en salle de spychomotricité </p>



<p>Les enfants de maternelle prennent leur  goûter et attendent leurs parents autour d’activités ludiques.</p>



<p>Il est possible de venir chercher son enfant à tout heure du périscolaire de 16h30 à 18h30</p>



<p></p>

<p>Accueil le matin dès 07:00 et le soir jusqu&rsquo;à 18:30.</p>
