{"id":1681,"date":"2023-03-07T15:34:22","date_gmt":"2023-03-07T14:34:22","guid":{"rendered":"https:\/\/ecole.saintjosephbelfort.fr\/?page_id=1681"},"modified":"2023-09-15T08:43:24","modified_gmt":"2023-09-15T06:43:24","slug":"activites-clubs","status":"publish","type":"page","link":"https:\/\/ecole.saintjosephbelfort.fr\/index.php\/activites-clubs\/","title":{"rendered":"Activit\u00e9s &#038; Clubs"},"content":{"rendered":"\n<figure class=\"wp-block-gallery has-nested-images columns-default is-cropped wp-block-gallery-1 is-layout-flex wp-block-gallery-is-layout-flex\">\n<figure class=\"wp-block-image size-full is-style-default\"><img loading=\"lazy\" decoding=\"async\" width=\"200\" height=\"133\" data-id=\"1682\" src=\"https:\/\/ecole.saintjosephbelfort.fr\/wp-content\/uploads\/2023\/03\/solgaf.jpg\" alt=\"\" class=\"wp-image-1682\"\/><\/figure>\n\n\n\n<figure class=\"wp-block-image size-full is-style-default\"><img loading=\"lazy\" decoding=\"async\" width=\"200\" height=\"133\" data-id=\"1683\" src=\"https:\/\/ecole.saintjosephbelfort.fr\/wp-content\/uploads\/2023\/03\/shutterstock_12755050-3.jpg\" alt=\"\" class=\"wp-image-1683\"\/><\/figure>\n<\/figure>\n\n\n\n<h1 class=\"wp-block-heading\"><strong><u>ACTIVITES PERISCOLAIRES<\/u><\/strong><\/h1>\n\n\n\n<h2 class=\"wp-block-heading\"><strong><u>2022-2023<\/u><\/strong><\/h2>\n\n\n\n<h3 class=\"wp-block-heading\"><strong>Du lundi 7 novembre 2022 au vendredi 23 juin 2023<\/strong><\/h3>\n\n\n\n<h2 class=\"wp-block-heading has-white-color has-text-color has-background\" style=\"background-color:#0080bf\"><strong>LUNDI<\/strong><\/h2>\n\n\n\n<h4 class=\"wp-block-heading has-white-color has-text-color has-background\" style=\"background-color:#a1509a\"><strong>ATELIER MUSICAL \u2013<\/strong><strong> \u00ab Y\u2019a de la voix, y\u2019a de la joie ! \u00bb<\/strong><\/h4>\n\n\n\n<p><strong>1 atelier avec Alexandra FOURNIER, Praticienne en neurop\u00e9dagogie Flot R\u00e9 Sons d\u2019Ames<\/strong><strong><em> Rythme &#8211; Chant \u2013 Travail de la voix \u2013 Relaxation sonore<\/em><\/strong><\/p>\n\n\n\n<p><strong><em>Amener les enfants \u00e0 prendre conscience de leur voix et de l\u2019harmonie qu\u2019elle peut g\u00e9n\u00e9rer en eux et entre eux. Utilisation d\u2019instruments pour apprendre la notion de rythme et de respect entre tous. Relaxation sonore<\/em><\/strong><\/p>\n\n\n\n<ul class=\"wp-block-list\">\n<li>CE1 \u2013 CE2 \u2013 CM1 &#8211; CM2 : <strong>le LUNDI DE 11h30 \u00e0 12h30<\/strong> &#8211; <em>12 enfants<\/em><sup><\/sup><\/li>\n<\/ul>\n\n\n\n<ul class=\"wp-block-list\">\n<li><strong>COUT DE L\u2019ACTIVITE<\/strong><strong> : 140.00 \u20ac par enfant pour l\u2019ann\u00e9e scolaire, ch\u00e8que \u00e0 l\u2019ordre de l\u2019institution Saint-Joseph Belfort (paiement en 1, 2 ou 4 fois).<\/strong><\/li>\n<\/ul>\n\n\n\n<h4 class=\"wp-block-heading has-white-color has-text-color has-background\" style=\"background-color:#a1509a\"><strong>MANDALA MASS\u2019<\/strong><\/h4>\n\n\n\n<p><strong>1 atelier avec Edwige ANTOINE, <em>Instructrice certifi\u00e9e du programme international de massage \u00e0 l\u2019\u00e9cole et en famille<\/em><\/strong><\/p>\n\n\n\n<ul class=\"wp-block-list\">\n<li>MS \u2013 GS \u2013 CP \u2013 CE1 \u2013 CE2 \u2013 CM1 &#8211; CM2 : <strong>le LUNDI de 12h30 \u00e0 13h30<\/strong> &#8211; <em>12 enfants<\/em><sup><\/sup><\/li>\n<\/ul>\n\n\n\n<ul class=\"wp-block-list\">\n<li><strong>COUT DE L\u2019ACTIVITE<\/strong><strong> : 150.00 \u20ac par enfant pour l\u2019ann\u00e9e scolaire (mat\u00e9riel compris), ch\u00e8que \u00e0 l\u2019ordre<\/strong><strong> <\/strong><strong>d\u2019Edwige ANTOINE (paiement en 1, 3 ou 6 fois).<\/strong><\/li>\n<\/ul>\n\n\n\n<h4 class=\"wp-block-heading has-white-color has-text-color has-background\" style=\"background-color:#a1509a\"><strong>BABY GYM<\/strong><\/h4>\n\n\n\n<p><strong>1 atelier avec S\u00e9bastien CALAME, <em>\u00e9ducateur sportif de l\u2019ASMB<\/em><\/strong><\/p>\n\n\n\n<ul class=\"wp-block-list\">\n<li>MS et GS <strong>:<\/strong><strong> le LUNDI de 12h30 \u00e0 13h30 au gymnase de l\u2019\u00e9cole &#8211;<\/strong> <em>18 enfants<\/em><sup><\/sup><\/li>\n\n\n\n<li><strong>COUT DE L\u2019ACTIVITE : 130.00 \u20ac par enfant et pour l\u2019ann\u00e9e scolaire, ch\u00e8que \u00e0 l\u2019ordre de BELFORT<\/strong> <strong>Gymnastique.<\/strong><\/li>\n<\/ul>\n\n\n\n<h4 class=\"wp-block-heading has-white-color has-text-color has-background\" style=\"background-color:#a1509a\"><strong>CONTES \u2013 KAMISHIBA\u00cf &#8211;<\/strong><strong> \u00ab Il \u00e9tait une fois, la suite avec toi\u2026 \u00bb<\/strong><\/h4>\n\n\n\n<p><strong>1 atelier avec Alexandra FOURNIER, Praticienne en neurop\u00e9dagogie Flot R\u00e9 Sons d\u2019Ames<\/strong><strong><em> Conter des histoires au kamishiba\u00ef et faire participer les enfants au travers de contes improvis\u00e9s.<\/em><\/strong><\/p>\n\n\n\n<ul class=\"wp-block-list\">\n<li>MS \u2013 GS &#8211; CP &#8211; CE1 : <strong>le LUNDI DE 12h30 \u00e0 13h30<\/strong> &#8211; <em>12 enfants<\/em><sup><\/sup><\/li>\n<\/ul>\n\n\n\n<ul class=\"wp-block-list\">\n<li><strong>COUT DE L\u2019ACTIVITE<\/strong><strong> : 140.00 \u20ac par enfant pour l\u2019ann\u00e9e scolaire, ch\u00e8que \u00e0 l\u2019ordre de l\u2019institution Saint-Joseph Belfort (paiement en 1, 2 ou 4 fois).<\/strong><\/li>\n<\/ul>\n\n\n\n<h2 class=\"wp-block-heading has-white-color has-text-color has-background\" style=\"background-color:#0080bf\"><strong>MARDI<\/strong><\/h2>\n\n\n\n<h4 class=\"wp-block-heading has-white-color has-text-color has-background\" style=\"background-color:#a1509a\"><strong>\u00c9CHECS<\/strong><\/h4>\n\n\n\n<p><strong>1 atelier avec Steve RICHARD, animateur Belfort Echecs<\/strong><\/p>\n\n\n\n<ul class=\"wp-block-list\">\n<li>CE2 \u2013 CM1 &#8211; CM2 : <strong>le MARDI de 11h30 \u00e0 12h30<\/strong> &#8211; <em>12 enfants<\/em><sup><\/sup><\/li>\n<\/ul>\n\n\n\n<ul class=\"wp-block-list\">\n<li><strong>COUT DE L\u2019ACTIVIT\u00c9<\/strong><strong> : 110.00 \u20ac par enfant pour l\u2019ann\u00e9e scolaire, ch\u00e8que \u00e0 l\u2019ordre de l\u2019Institution Saint-Joseph Belfort (paiement en 1, 2 ou 4 fois).<\/strong><\/li>\n<\/ul>\n\n\n\n<h4 class=\"wp-block-heading has-white-color has-text-color has-background\" style=\"background-color:#a1509a\"><strong>CIRQUE<\/strong><\/h4>\n\n\n\n<p><strong>1 atelier avec Christelle Billy-Desjours<\/strong><em>,<\/em><em> <strong>Educatrice sportive<\/strong><\/em><\/p>\n\n\n\n<ul class=\"wp-block-list\">\n<li>CP \u2013 CE1 \u2013 CE2 \u2013 CM1 &#8211; CM2 : <strong>le MARDI DE 11H30 \u00e0 12h30<\/strong> &#8211; <em>20 enfants<\/em><sup><\/sup><\/li>\n<\/ul>\n\n\n\n<ul class=\"wp-block-list\">\n<li><strong>COUT DE L\u2019ATELIER<\/strong><strong> : 110.00 \u20ac par enfant pour l\u2019ann\u00e9e scolaire (mat\u00e9riel compris), ch\u00e8que \u00e0 l\u2019ordre de<\/strong><strong> <\/strong><strong>l\u2019Institution Saint-Joseph (paiement en 1, 2 ou 4 fois).<\/strong><\/li>\n<\/ul>\n\n\n\n<h4 class=\"wp-block-heading has-white-color has-text-color has-background\" style=\"background-color:#a1509a\"><strong>DETENTE-RELAXATION<\/strong><\/h4>\n\n\n\n<p><strong>1<\/strong><strong> atelier avec Christelle BILLI-DESJOURS <em>Educatrice sportive<\/em><\/strong><\/p>\n\n\n\n<p><strong><em>Apprendre \u00e0 se d\u00e9tendre<\/em><\/strong><strong>, <em>\u00e0 respirer, \u00e0 l\u00e2cher prise, \u00e0 g\u00e9rer ses \u00e9motions, massages relaxants, initiation au mime, histoires d\u2019\u00e9motions\u2026<\/em><\/strong><\/p>\n\n\n\n<ul class=\"wp-block-list\">\n<li>MS \u2013 GS \u2013 CP \u2013 CE1 \u2013 CE2 \u2013 CM1 &#8211; CM2 : <strong>le MARDI de 12h30 \u00e0 13h30 &#8211;<\/strong> <em>12 enfants<\/em><sup><\/sup><\/li>\n<\/ul>\n\n\n\n<ul class=\"wp-block-list\">\n<li><strong>COUT DE L\u2019 ACTIVITE<\/strong><strong> : 100.00 \u20ac par enfant pour l\u2019ann\u00e9e scolaire, ch\u00e8que \u00e0 l\u2019ordre de L\u2019Institution Saint-Joseph (paiement en 1, 2 ou 4 fois).<\/strong><\/li>\n<\/ul>\n\n\n\n<h4 class=\"wp-block-heading has-white-color has-text-color has-background\" style=\"background-color:#a1509a\"><strong>TENNIS DE TABLE<\/strong><\/h4>\n\n\n\n<p><strong>1<\/strong><strong> atelier avec Pascal LABBAYE,&nbsp; <em>Educateur sportif<\/em><\/strong><\/p>\n\n\n\n<ul class=\"wp-block-list\">\n<li>CE1 \u2013 CE2 \u2013 CM1 &#8211; CM2 : <strong>le MARDI de 12h30 \u00e0 13h30<\/strong> <em>&#8211; 14 enfants<\/em><sup><\/sup><\/li>\n<\/ul>\n\n\n\n<ul class=\"wp-block-list\">\n<li><strong>COUT DE L\u2019ACTIVIT\u00c9 : 70.00 \u20ac par enfant pour l\u2019ann\u00e9e scolaire, ch\u00e8que \u00e0 l\u2019ordre de l\u2019ASM BELFORT &#8211;<\/strong> <strong>FROIDEVAL.<\/strong><\/li>\n<\/ul>\n\n\n\n<h4 class=\"wp-block-heading has-white-color has-text-color has-background\" style=\"background-color:#a1509a\"><strong>ACTIVITES MANUELLES<\/strong><\/h4>\n\n\n\n<p><strong>1 atelier avec Elise CHAPUIS et H\u00e9l\u00e8ne MATHIEU<\/strong><\/p>\n\n\n\n<ul class=\"wp-block-list\">\n<li>CP \u2013 CE1 \u2013 CE2 \u2013 CM1 &#8211; CM2 : <strong>le MARDI de 12h30 \u00e0 13h30 &#8211;<\/strong> <em>16 enfants<\/em><sup><\/sup><\/li>\n<\/ul>\n\n\n\n<ul class=\"wp-block-list\">\n<li><strong>COUT DE L\u2019ACTIVITE<\/strong><strong> : 50.00 \u20ac par enfant et pour l\u2019ann\u00e9e scolaire, ch\u00e8que \u00e0 l\u2019ordre de l\u2019institution Saint-Joseph.<\/strong><strong><sup><\/sup><\/strong><\/li>\n<\/ul>\n\n\n\n<h4 class=\"wp-block-heading has-white-color has-text-color has-background\" style=\"background-color:#a1509a\"><strong>DANSE MODERNE<\/strong><\/h4>\n\n\n\n<p><strong>1 atelier avec Ariane BEAUME et Doroth\u00e9e BEVIA<\/strong><\/p>\n\n\n\n<ul class=\"wp-block-list\">\n<li>CE1 \u2013 CE2 &#8211; CM1 &#8211; CM2 : <strong>le MARDI de 16h30 \u00e0 17h30 \u2013<\/strong> 12 enfants<sup><\/sup><\/li>\n\n\n\n<li><strong>COUT DE L\u2019ATELIER<\/strong> : <strong>50.00 \u20ac par enfant pour l\u2019ann\u00e9e scolaire, ch\u00e8que \u00e0 l\u2019ordre de l\u2019Institution Saint-<\/strong>J<strong>oseph.<\/strong><\/li>\n<\/ul>\n\n\n\n<h2 class=\"wp-block-heading has-white-color has-text-color has-background\" style=\"background-color:#0080bf\"><strong>JEUDI<\/strong><\/h2>\n\n\n\n<h4 class=\"wp-block-heading has-white-color has-text-color has-background\" style=\"background-color:#a1509a\"><strong>FOOT<\/strong><\/h4>\n\n\n\n<p>3 <strong>ateliers avec Doria-Lina DIJON et Herv\u00e9 RIBOT, Educateurs sportifs<\/strong><\/p>\n\n\n\n<ul class=\"wp-block-list\">\n<li>CE1 et CE2 <strong>GROUPE GARCONS\/FILLES<\/strong> : <strong>le JEUDI de 11h30 \u00e0 12h30<\/strong> &#8211; <em>14 enfants<\/em><sup><\/sup><\/li>\n<\/ul>\n\n\n\n<ul class=\"wp-block-list\">\n<li>GS et CP <strong>GROUPE GARCONS\/FILLES<\/strong> : <strong>le JEUDI de 12h30 \u00e0 13h30<\/strong> &#8211; <em>14 enfants<\/em><sup><\/sup><\/li>\n<\/ul>\n\n\n\n<ul class=\"wp-block-list\">\n<li>CM1 et CM2 <strong>GROUPE DE GARCONS<\/strong> : <strong>le JEUDI de 16h30 \u00e0 17h30<\/strong> &#8211; <em>14 enfants<\/em><sup><\/sup><\/li>\n\n\n\n<li><strong>COUT DE l\u2019ACTIVITE<\/strong> : <strong>90.00 \u20ac par enfant pour l\u2019ann\u00e9e scolaire, ch\u00e8que \u00e0 l\u2019ordre de l\u2019Institution Saint<\/strong> <strong>Joseph (paiement en 1, 2 ou 3 fois)<\/strong>.<\/li>\n<\/ul>\n\n\n\n<h4 class=\"wp-block-heading has-white-color has-text-color has-background\" style=\"background-color:#a1509a\"><strong>THEATRE<\/strong><\/h4>\n\n\n\n<p><strong>2 ateliers avec Virginie ALBERT,&nbsp; <em>P<\/em>syc<em>hop\u00e9dagogue<\/em><\/strong><\/p>\n\n\n\n<p><strong><em>Jeux d\u2019expression, de communication, jeux corporels, sensibilisation au jeu th\u00e9\u00e2tral, improvisation, mise en sc\u00e8ne de petites sc\u00e9nettes jou\u00e9es.<\/em><\/strong><\/p>\n\n\n\n<ul class=\"wp-block-list\">\n<li>CP \u2013 CE1 \u2013 CE2 \u2013 CM1 &#8211; CM2 : <strong>le JEUDI de 11h30 \u00e0 12h30<\/strong><strong> &#8211;<\/strong> <em>14 enfants<\/em><sup><\/sup><\/li>\n<\/ul>\n\n\n\n<ul class=\"wp-block-list\">\n<li><strong>COUT DE L\u2019ACTIVITE<\/strong><strong> : 40.00 \u20ac par enfant et par mois. Ch\u00e8ques \u00e0 l\u2019ordre de Virginie ALBERT (8 ch\u00e8ques qui seront encaiss\u00e9s tous les 5 du mois).<\/strong><\/li>\n<\/ul>\n\n\n\n<h4 class=\"wp-block-heading has-white-color has-text-color has-background\" style=\"background-color:#a1509a\"><strong>GYMNASTIQUE<\/strong><\/h4>\n\n\n\n<p><strong>1 atelier avec S\u00e9bastien CALAME, <em>\u00e9ducateur sportif de l\u2019ASMB<\/em><\/strong><\/p>\n\n\n\n<ul class=\"wp-block-list\">\n<li>CP \u2013 CE1 \u2013 CE2 \u2013 CM1 &#8211; CM2 : <strong>le JEUDI de 12h15 \u00e0 13h25 au gymnase PAROT &#8211;<\/strong> <em>18 enfants<\/em><sup><\/sup><\/li>\n<\/ul>\n\n\n\n<ul class=\"wp-block-list\">\n<li><strong>COUT DE L\u2019ACTIVITE<\/strong><strong> : 145.00 \u20ac pour les primaires par enfant et pour l\u2019ann\u00e9e scolaire, ch\u00e8que \u00e0 l\u2019ordre<\/strong><strong> <\/strong><strong>de BELFORT Gymnastique.<\/strong><strong><sup><\/sup><\/strong><\/li>\n<\/ul>\n\n\n\n<h4 class=\"wp-block-heading has-white-color has-text-color has-background\" style=\"background-color:#a1509a\"><strong>FIT\u2019ALL KIDS<\/strong><\/h4>\n\n\n\n<p><strong>1 atelier avec Lolita MOREL, Coach sportive <em>Fit\u2019n\u2019lol<\/em><\/strong><\/p>\n\n\n\n<p><strong><em>Cours de Fitness associ\u00e9s \u00e0 un th\u00e8me ludique afin de d\u00e9velopper les comp\u00e9tences naturelles de l\u2019enfant (endurance, coordination, souplesse, agilit\u00e9) tout en contribuant \u00e0 l\u2019entretien de son capital sant\u00e9 et \u00e0 l\u2019am\u00e9lioration de la confiance en soi et de la bienveillance envers les autres.<\/em><\/strong><\/p>\n\n\n\n<ul class=\"wp-block-list\">\n<li>CP \u2013 CE1 \u2013 CE2 \u2013 CM1 &#8211; CM2 : <strong>le JEUDI DE 12h30 \u00e0 13h30<\/strong> &#8211; <em>15 enfants<\/em><sup><\/sup><\/li>\n<\/ul>\n\n\n\n<ul class=\"wp-block-list\">\n<li><strong>COUT DE L\u2019ACTIVITE<\/strong><strong> : 90.00 \u20ac par enfant pour l\u2019ann\u00e9e scolaire (mat\u00e9riel compris), ch\u00e8que \u00e0 l\u2019ordre de<\/strong><strong> <\/strong><strong>l\u2019institution Saint-Joseph Belfort (paiement en 1, 2 ou 3 fois).<\/strong><\/li>\n<\/ul>\n\n\n\n<h4 class=\"wp-block-heading has-white-color has-text-color has-background\" style=\"background-color:#a1509a\"><strong>MEJ (Mouvement Eucharistique des Jeunes)<\/strong><\/h4>\n\n\n\n<p><strong>1 atelier avec Delphine BOVIGNY, Chef d\u2019\u00e9tablissement<\/strong><\/p>\n\n\n\n<ul class=\"wp-block-list\">\n<li>CE2 \u00e0 CM2 : <strong>JOUR ET HORAIRE A DETERMINER<\/strong><sup><\/sup><\/li>\n<\/ul>\n\n\n\n<ul class=\"wp-block-list\">\n<li><strong>COUT DE L\u2019ACTIVITE<\/strong><strong> : 35.00 \u20ac par enfant pour l\u2019ann\u00e9e scolaire (mat\u00e9riel compris), ch\u00e8que \u00e0 l\u2019ordre de<\/strong><strong> <\/strong><strong>l\u2019institution Saint-Joseph Belfort.<\/strong><\/li>\n<\/ul>\n\n\n\n<h2 class=\"wp-block-heading has-white-color has-text-color has-background\" style=\"background-color:#0080bf\"><strong>VENDREDI<\/strong><\/h2>\n\n\n\n<h4 class=\"wp-block-heading has-white-color has-text-color has-background\" style=\"background-color:#a1509a\"><strong>YOGA<\/strong><\/h4>\n\n\n\n<p><strong>1 atelier avec Marie-France CASOLI, Psychoth\u00e9rapeute &#8211; Praticienne YOGA pour enfants.<\/strong><\/p>\n\n\n\n<ul class=\"wp-block-list\">\n<li>CP \u2013 CE1 \u2013 CE2 \u2013 CM1 &#8211; CM2 : <strong>le VENDREDI de 12h30 \u00e0 13h30 &#8211;<\/strong> <em>14 enfants<\/em><sup><\/sup><\/li>\n<\/ul>\n\n\n\n<ul class=\"wp-block-list\">\n<li><strong>COUT DE L\u2019ACTIVITE<\/strong><strong> : 150.00 \u20ac par enfant pour l\u2019ann\u00e9e scolaire, ch\u00e8que \u00e0 l\u2019ordre de Marie-France CASOLI (paiement en 1, 3 ou 6 fois).<\/strong><\/li>\n<\/ul>\n\n\n\n<h4 class=\"wp-block-heading has-white-color has-text-color has-background\" style=\"background-color:#a1509a\"><strong>JUDO<\/strong><\/h4>\n\n\n\n<p><strong>2 ateliers avec Aymen BOUSSAHA, Educateur sportif<\/strong><\/p>\n\n\n\n<ul class=\"wp-block-list\">\n<li>CE2 \u2013 CM1 &#8211; CM2 : <strong>le VENDREDI de 11h30 \u00e0 12h30<\/strong> &#8211; <em>18 enfants<\/em><sup><\/sup><\/li>\n<\/ul>\n\n\n\n<ul class=\"wp-block-list\">\n<li>CP et CE1 : <strong>le VENDREDI de 12h30 \u00e0 13h30<\/strong> &#8211; <em>18 enfants<\/em><sup><\/sup><\/li>\n<\/ul>\n\n\n\n<ul class=\"wp-block-list\">\n<li><strong>COUT DE L\u2019ACTIVIT\u00c9<\/strong><strong> : 75.00 \u20ac par enfant pour l\u2019ann\u00e9e scolaire, ch\u00e8que \u00e0 l\u2019ordre de l\u2019Institution Saint-Joseph Belfort (paiement en 1, 2 ou 3 fois).<\/strong><strong><sup><\/sup><\/strong><\/li>\n<\/ul>\n\n\n\n<h4 class=\"wp-block-heading has-white-color has-text-color has-background\" style=\"background-color:#a1509a\"><strong>HANDBALL<\/strong><\/h4>\n\n\n\n<p><strong>1 atelier avec Hugo CHRETIEN et Formateurs sportifs ESTB<\/strong><\/p>\n\n\n\n<ul class=\"wp-block-list\">\n<li>CE1 \u2013 CE2 \u2013 CM1 &#8211; CM2 : <strong>le VENDREDI de 16h30 \u00e0 17h30 \u2013<\/strong> 12 enfants<sup><\/sup><\/li>\n\n\n\n<li><strong>COUT DE L\u2019ATELIER<\/strong> : <strong>70.00 \u20ac par enfant pour l\u2019ann\u00e9e scolaire, ch\u00e8que \u00e0 l\u2019ordre de l\u2019ESTB Handball.<\/strong><sup><\/sup><\/li>\n<\/ul>\n\n\n\n<h4 class=\"wp-block-heading has-white-color has-text-color has-background\" style=\"background-color:#a1509a\"><strong>EVEIL MUSICAL-<\/strong><strong>\u00ab Si on laissait nos corps et nos voix s\u2019exprimer ? \u00bb<\/strong><\/h4>\n\n\n\n<p><strong>1 atelier avec Alexandra FOURNIER, Praticienne en neurop\u00e9dagogie Flot R\u00e9 Sons d\u2019Ames <\/strong><strong><em>Apprendre \u00e0 manier des instruments tout en les respectant. Prendre conscience des sons et rythmes que l\u2019enfant peut faire avec son corps. Rep\u00e9rer o\u00f9 les sons font du bien.<\/em><\/strong><\/p>\n\n\n\n<ul class=\"wp-block-list\">\n<li>MS \u2013 GS &#8211; CP : <strong>le VENDREDI DE 12h30 \u00e0 13h30<\/strong> &#8211; <em>12 enfants<\/em><sup><\/sup><\/li>\n<\/ul>\n\n\n\n<ul class=\"wp-block-list\">\n<li><strong>COUT DE L\u2019ACTIVITE<\/strong><strong> : 140.00 \u20ac par enfant pour l\u2019ann\u00e9e scolaire, ch\u00e8que \u00e0 l\u2019ordre de l\u2019institution Saint-Joseph Belfort (paiement en 1, 2 ou 4 fois).<\/strong><\/li>\n<\/ul>\n\n\n\n<h3 class=\"wp-block-heading has-black-color has-text-color has-background\" style=\"background-color:#f29ec3\">FONCTIONNEMENT PRATIQUE<\/h3>\n\n\n\n<p><strong>Les enfants inscrits dans une ou deux activit\u00e9s s\u2019engagent \u00e0 y participer avec assiduit\u00e9 tout au long de l\u2019ann\u00e9e scolaire.<\/strong><\/p>\n\n\n\n<h3 class=\"wp-block-heading has-black-color has-text-color has-background\" style=\"background-color:#f29ec3\">COMPORTEMENT PENDANT LES ATELIERS<\/h3>\n\n\n\n<p>Les activit\u00e9s que nous proposons sont facultatives et permettent \u00e0 vos enfants de se distraire et de s\u2019\u00e9panouir en s\u2019amusant. Pour le bien de tous, elles doivent \u00eatre pratiqu\u00e9es dans un esprit sportif et respectueux. <strong>Nous attendons de vos enfants une <u>attitude de respect durant les s\u00e9ances.<\/u><\/strong><\/p>\n\n\n\n<p>Nous comptons sur vous pour expliquer \u00e0 vos enfants qu\u2019en s\u2019inscrivant \u00e0 une activit\u00e9 ils doivent respecter la discipline qui s\u2019impose.<\/p>\n\n\n\n<p><strong>Si un enfant pr\u00e9sente des probl\u00e8mes de comportements r\u00e9currents lors des s\u00e9ances d\u2019activit\u00e9s, s\u2019il ne respecte pas les r\u00e8gles ou perturbe les s\u00e9ances, nous nous r\u00e9servons le droit de l\u2019exclure d\u00e9finitivement de l\u2019atelier dans lequel il est inscrit apr\u00e8s un premier avertissement.<\/strong><\/p>\n\n\n\n<p><strong>Il n\u2019y aura aucune possibilit\u00e9 de remboursement.<\/strong><\/p>\n\n\n\n<p><strong><u>Tout \u00e9l\u00e8ve inscrit dans un atelier s\u2019engage pour l\u2019ann\u00e9e enti\u00e8re<\/u><\/strong>. Aucun remboursement ne sera effectu\u00e9 si l\u2019enfant interrompt son activit\u00e9 en cours d\u2019ann\u00e9e.<\/p>\n","protected":false},"excerpt":{"rendered":"<p>ACTIVITES PERISCOLAIRES 2022-2023 Du lundi 7 novembre 2022 au vendredi 23 juin 2023 LUNDI ATELIER MUSICAL \u2013 \u00ab Y\u2019a de la voix, y\u2019a de la joie ! \u00bb 1 atelier &#8230;<\/p>\n","protected":false},"author":1,"featured_media":0,"parent":0,"menu_order":0,"comment_status":"closed","ping_status":"closed","template":"template-fullwidth.php","meta":{"footnotes":""},"class_list":["post-1681","page","type-page","status-publish","hentry"],"_links":{"self":[{"href":"https:\/\/ecole.saintjosephbelfort.fr\/index.php\/wp-json\/wp\/v2\/pages\/1681","targetHints":{"allow":["GET"]}}],"collection":[{"href":"https:\/\/ecole.saintjosephbelfort.fr\/index.php\/wp-json\/wp\/v2\/pages"}],"about":[{"href":"https:\/\/ecole.saintjosephbelfort.fr\/index.php\/wp-json\/wp\/v2\/types\/page"}],"author":[{"embeddable":true,"href":"https:\/\/ecole.saintjosephbelfort.fr\/index.php\/wp-json\/wp\/v2\/users\/1"}],"replies":[{"embeddable":true,"href":"https:\/\/ecole.saintjosephbelfort.fr\/index.php\/wp-json\/wp\/v2\/comments?post=1681"}],"version-history":[{"count":8,"href":"https:\/\/ecole.saintjosephbelfort.fr\/index.php\/wp-json\/wp\/v2\/pages\/1681\/revisions"}],"predecessor-version":[{"id":1752,"href":"https:\/\/ecole.saintjosephbelfort.fr\/index.php\/wp-json\/wp\/v2\/pages\/1681\/revisions\/1752"}],"wp:attachment":[{"href":"https:\/\/ecole.saintjosephbelfort.fr\/index.php\/wp-json\/wp\/v2\/media?parent=1681"}],"curies":[{"name":"wp","href":"https:\/\/api.w.org\/{rel}","templated":true}]}}